ommon factor of 1776 and 816.
48
What is the greatest common divisor of 65247 and 6453?
717
What is the greatest common factor of 7497 and 112896?
441
What is the greatest common divisor of 337963 and 369?
41
Calculate the greatest common factor of 429193 and 83.
83
Calculate the greatest common divisor of 56358 and 54.
18
Calculate the highest common factor of 50331 and 323.
19
Calculate the highest common factor of 3625 and 2320.
145
What is the highest common divisor of 6 and 160902?
6
What is the highest common divisor of 3136 and 304388?
196
What is the greatest common divisor of 2590977 and 113?
113
What is the highest common divisor of 161468 and 148?
148
What is the greatest common factor of 103544 and 112?
56
What is the highest common factor of 5202 and 14382?
306
Calculate the highest common divisor of 107950 and 204.
34
Calculate the highest common factor of 117 and 6483.
3
Calculate the greatest common divisor of 4 and 10408.
4
What is the highest common divisor of 1148609 and 34096?
2131
What is the greatest common divisor of 196075 and 10175?
275
What is the highest common factor of 184608 and 48?
48
What is the highest common factor of 9 and 15912?
9
Calculate the greatest common factor of 117 and 48009.
39
What is the greatest common divisor of 1976 and 2318?
38
Calculate the greatest common factor of 7638603 and 427.
427
What is the greatest common divisor of 21280 and 418?
38
What is the greatest common divisor of 2172 and 2353?
181
Calculate the highest common divisor of 67 and 689363.
67
What is the greatest common factor of 12 and 1085676?
12
What is the highest common divisor of 12208 and 69104?
112
Calculate the greatest common divisor of 10472 and 39424.
616
Calculate the greatest common factor of 39010 and 1162.
166
What is the highest common divisor of 1114 and 826031?
557
Calculate the highest common divisor of 204078 and 3390.
678
Calculate the highest common factor of 1717 and 730634.
101
Calculate the highest common factor of 73 and 197611.
73
What is the highest common factor of 1200 and 11120?
80
What is the greatest common factor of 15265 and 7881?
71
What is the greatest common divisor of 22375 and 6981?
179
Calculate the highest common factor of 24120 and 374865.
1005
What is the greatest common divisor of 30632 and 17808?
56
What is the highest common divisor of 7055 and 51085?
85
What is the highest common factor of 4876 and 23850?
106
What is the greatest common factor of 8 and 8012?
4
Calculate the greatest common divisor of 6247415 and 34.
17
Calculate the greatest common factor of 152 and 722608.
152
What is the highest common divisor of 3250 and 86125?
1625
What is the highest common divisor of 386408 and 220?
44
What is the greatest common factor of 6128 and 80?
16
What is the highest common factor of 4900 and 49588?
196
What is the highest common divisor of 49144 and 40?
8
Calculate the greatest common divisor of 3136 and 1056.
32
Calculate the greatest common factor of 15019 and 49628.
653
Calculate the highest common factor of 29984 and 259549.
937
What is the greatest common divisor of 92 and 64492?
92
Calculate the greatest common divisor of 69 and 1999344.
69
Calculate the highest common divisor of 2290266 and 198.
198
Calculate the greatest common factor of 12588 and 2796.
12
Calculate the highest common factor of 52680 and 80.
40
Calculate the greatest common factor of 656 and 10127.
41
What is the highest common factor of 128855 and 5?
5
Calculate the highest common divisor of 5180142 and 132.
66
What is the highest common divisor of 1256 and 376957?
157
Calculate the greatest common factor of 777 and 266784.
21
Calculate the greatest common divisor of 4634800 and 80.
80
What is the highest common factor of 121519 and 137?
137
Calculate the highest common factor of 26402 and 258.
86
What is the highest common divisor of 464856 and 112?
56
What is the greatest common divisor of 2183 and 36334?
37
Calculate the highest common factor of 22899 and 204.
51
What is the greatest common factor of 3246 and 6?
6
What is the greatest common divisor of 4952 and 40?
8
What is the highest common factor of 8622 and 1728?
18
What is the highest common divisor of 1560 and 228930?
390
What is the highest common divisor of 56758 and 354?
118
What is the greatest common divisor of 170744 and 14?
14
Calculate the highest common factor of 3522 and 10662.
6
What is the greatest common divisor of 77934 and 486?
6
What is the greatest common factor of 564 and 286324?
188
Calculate the highest common factor of 498581 and 83.
83
What is the highest common factor of 44 and 4532?
44
What is the highest common factor of 918 and 11118?
102
What is the highest common divisor of 1220 and 2480?
20
What is the highest common factor of 20 and 20495?
5
Calculate the greatest common factor of 4505 and 60685.
265
Calculate the greatest common factor of 15 and 4041.
3
Calculate the greatest common factor of 15992 and 52.
4
What is the highest common factor of 230 and 101890?
230
Calculate the greatest common divisor of 19904 and 88384.
64
What is the greatest common divisor of 225 and 589825?
25
Calculate the greatest common factor of 16 and 761904.
16
Calculate the greatest common factor of 20538 and 15322.
326
Calculate the greatest common factor of 1494 and 386697.
249
Calculate the highest common divisor of 384 and 405024.
96
What is the highest common divisor of 785225 and 1282?
641
What is the highest common factor of 538475 and 85?
85
What is the highest common divisor of 26968 and 8?
8
What is the greatest common divisor of 663 and 1404?
39
What is the highest common divisor of 484 and 146773?
121
Calculate the highest common divisor of 892 and 184867.
223
What is the greatest common divisor of 42 and 1436?
2
Calculate the highest common divisor of 46324 and 296.
148
What is the greatest common factor of 345 and 3968535?
345
What is the greatest common divisor of 71400 and 196?
28
Calculate the greatest common divisor of 30 and 334674.
6
What is the highest common factor of 925 and 6325?
25
What is the highest common factor of 97020 and 8547?
231
What is the greatest common divisor of 5092 and 8968?
76
What is the greatest common factor of 15224 and 1474?
22
Calculate the highest common factor of 45 and 1093605.
15
Calculate the greatest common divisor of 1598076 and 54.
54
What is the greatest common factor of 7100 and 800?
100
Calculate the highest common divisor of 84240 and 32240.
1040
What is the greatest common divisor of 102355 and 5?
5
What is the highest common divisor of 175 and 690650?
25
What is the greatest common divisor of 112530 and 80586?
726
Calculate the greatest common divisor of 272569 and 349.
349
Calculate the highest common divisor of 36 and 270594.
18
What is the greatest common divisor of 30 and 66010?
10
Calculate the highest common divisor of 220 and 624668.
44
What is the highest common factor of 31504 and 891?
11
Calculate the highest common divisor of 82656 and 5600.
224
What is the greatest common factor of 15491 and 1?
1
What is the greatest common factor of 15546 and 414?
6
What is the greatest common divisor of 5280 and 63030?
330
What is the greatest common factor of 308 and 358512?
308
Calculate the greatest common factor of 738 and 1512.
18
Calculate the highest common divisor of 1098900 and 7150.
550
Calculate the greatest common divisor of 18625 and 1043.
149
Calculate the highest common divisor of 1648 and 128647.
103
What is the greatest common factor of 27 and 249057?
9
Calculate the greatest common factor of 2835 and 2385.
45
Calculate the highest common factor of 12189 and 663.
51
Calculate the greatest common divisor of 80 and 9670.
10
Calculate the greatest common divisor of 1624888 and 8888.
808
Calculate the greatest common divisor of 7704 and 2184.
24
Calculate the greatest common factor of 20909 and 74501.
203
Calculate the greatest common divisor of 1368 and 200.
8
Calculate the highest common factor of 35 and 111020.
35
What is the highest common factor of 29348 and 22?
22
What is the greatest common factor of 31 and 11473751?
31
Calculate the greatest common divisor of 68 and 265625.
17
Calculate the greatest common factor of 554 and 1386662.
554
Calculate the grea